{"id":5,"date":"2024-05-09T11:57:31","date_gmt":"2024-05-09T11:57:31","guid":{"rendered":"https:\/\/jmd.fspac.ubbcluj.ro\/ejta2024agm\/?page_id=5"},"modified":"2024-10-15T18:05:54","modified_gmt":"2024-10-15T18:05:54","slug":"ejta-2024-agm","status":"publish","type":"page","link":"https:\/\/jmd.fspac.ubbcluj.ro\/ejta2024agm\/","title":{"rendered":"EJTA 2024 AGM"},"content":{"rendered":"\n<p><\/p>\n\n\n\n<figure class=\"wp-block-image alignfull size-large\"><img loading=\"lazy\" decoding=\"async\" width=\"1024\" height=\"413\" src=\"https:\/\/jmd.fspac.ubbcluj.ro\/ejta2024agm\/wp-content\/uploads\/sites\/13\/2024\/06\/banner-ejta2024agm-1024x413.jpg\" alt=\"\" class=\"wp-image-84\" srcset=\"https:\/\/jmd.fspac.ubbcluj.ro\/ejta2024agm\/wp-content\/uploads\/sites\/13\/2024\/06\/banner-ejta2024agm-1024x413.jpg 1024w, https:\/\/jmd.fspac.ubbcluj.ro\/ejta2024agm\/wp-content\/uploads\/sites\/13\/2024\/06\/banner-ejta2024agm-300x121.jpg 300w, https:\/\/jmd.fspac.ubbcluj.ro\/ejta2024agm\/wp-content\/uploads\/sites\/13\/2024\/06\/banner-ejta2024agm-768x310.jpg 768w, https:\/\/jmd.fspac.ubbcluj.ro\/ejta2024agm\/wp-content\/uploads\/sites\/13\/2024\/06\/banner-ejta2024agm-1536x620.jpg 1536w, https:\/\/jmd.fspac.ubbcluj.ro\/ejta2024agm\/wp-content\/uploads\/sites\/13\/2024\/06\/banner-ejta2024agm.jpg 2048w\" sizes=\"auto, (max-width: 1024px) 100vw, 1024px\" \/><\/figure>\n\n\n\n<p>The Journalism and Digital Media Department at Babe\u0219-Bolyai University will host the 2024 European Journalism Training Association General Meeting (EJTA AGM). Babe\u0219-Bolyai University is Romania&#8217;s largest and top-ranked academic institution, with a multicultural academic tradition dating back to 1581. Join us in Cluj-Napoca, the &#8220;heart of Transylvania&#8221;, on 16-18 October at the College of Political, Administrative, and Communication Sciences for the preconference meetings, EJTA AGM, followed by keynote presentations and discussions on &#8220;Reporting Europe. Journalism Education &amp; Multiculturalism&#8221; as well as carousel presentations of BIPs and ongoing international projects of EJTA members.<br>All participants should register through the form below <strong>by September 22, 2024<\/strong>.<\/p>\n\n\n\n<div class=\"wp-block-buttons is-content-justification-center is-layout-flex wp-container-core-buttons-is-layout-a89b3969 wp-block-buttons-is-layout-flex\">\n<div class=\"wp-block-button is-style-fill\"><a class=\"wp-block-button__link has-accent-2-background-color has-background wp-element-button\" href=\"https:\/\/forms.office.com\/e\/sWA9k2e0we\">REGISTRATION FORM<\/a><\/div>\n<\/div>\n\n\n\n<p>You will find information about Cluj-Napoca, Babe\u0219-Bolyai University, the event venue and the final event program on this website web page (please scroll down for more).<\/p>\n\n\n\n<div class=\"wp-block-group has-accent-3-background-color has-background has-global-padding is-layout-constrained wp-container-core-group-is-layout-86dba5ee wp-block-group-is-layout-constrained\" style=\"padding-top:var(--wp--preset--spacing--10);padding-right:var(--wp--preset--spacing--10);padding-bottom:var(--wp--preset--spacing--10);padding-left:var(--wp--preset--spacing--10)\">\n<p class=\"has-text-align-center\"><strong>Preliminary Program&nbsp;<\/strong>(minor changes may occur &#8211; <em>last updated: 07.10.2024)<\/em><\/p>\n\n\n\n<p><strong>16 October 2024 (Wednesday)<\/strong>: <em>Workgroups and Projects Meetings<\/em><\/p>\n\n\n\n<p><strong>14:00-15:15<\/strong>: <strong>Parallel Session 1<\/strong> (ground floor of FSPAC2, Minerilor St., no. 85):<\/p>\n\n\n\n<p>A.&nbsp;<strong><em>Brainstorm <\/em><\/strong><em>(Room T1): What do EJTA members expect from pre-conference activities and task forces?<\/em>&nbsp;After some years of pre-conference meetings, taskforces and projects, the EJTA Board really wants to hear your opinion and wishes for the future.<\/p>\n\n\n\n<p>B.&nbsp;<strong><em>Teaching environmental journalism <\/em><\/strong><em>(Room T2)<\/em>:&nbsp;<em>In preparation to the Rome Teachers\u2019 Training 2025, we want to brainstorm with you on possible approaches and share best practices.<\/em><\/p>\n\n\n\n<p><strong>15:15-15:45 Coffee Break <\/strong>(College Cafeteria, floor -1, FSPAC2, Minerilor St., no. 85)<\/p>\n\n\n\n<p><strong>15:45-17:00<\/strong>: <strong>Parallel Session 2<\/strong> (ground floor of FSPAC2, Minerilor St., no. 85):<\/p>\n\n\n\n<p>A.&nbsp;<strong>Teaching Datajournalism and AI <\/strong>(Room T1)<strong>:<\/strong>&nbsp;<em>Sharing best practices on how to teach and use AI in journalism education.<\/em><\/p>\n\n\n\n<p>B.&nbsp;<strong>Teaching Inclusive Journalism <\/strong>(Room T2):&nbsp;<em>Building a knowledge platform of best practices, tips &amp; tricks on teaching inclusive journalism.<\/em><\/p>\n\n\n\n<p><strong>17:00-17:30 COPE Project Presentation <\/strong>(Room T1, FSPAC2, Minerilor St., no. 85)<\/p>\n\n\n\n<p><strong>18:00 Welcome Cocktail <\/strong>(<em>Clubul Colegiului Academic<\/em>, Emmanuel de Martonne St., no. 1)<strong><br><\/strong><\/p>\n\n\n\n<p><strong>17 October 2024 (Thursday): EJTA AGM<\/strong><\/p>\n\n\n\n<p>(Room 101, FSPAC1, Traian Mo\u0219oiu St., no 71, 1st floor)<\/p>\n\n\n\n<p><strong>9:00-13:00:&nbsp;<\/strong>EJTA AGM: European Journalism Training Association Annual General Meeting<\/p>\n\n\n\n<p><strong>11:10-11:40: <\/strong>Coffee Break (Room 101 foyer)<\/p>\n\n\n\n<p><strong>13:00-14:00:<\/strong>&nbsp;Lunch (Room 101 foyer)<\/p>\n\n\n\n<p><strong>14:00-19:00:&nbsp;<\/strong>Social Activities:<\/p>\n\n\n\n<ul class=\"wp-block-list\">\n<li>Trip to Turda Salt Mine (bus ride provided by organizers; entry tickets at own expense 50 RON \/ 10 EUR)<\/li>\n\n\n\n<li>Guided Tour of Cluj-Napoca (tour guide provided by organizers)\u0219<\/li>\n<\/ul>\n\n\n\n<p><strong>19:00:<\/strong>&nbsp;Dinner at University Restaurant Piramida (Emmanuel de Martonne St., no. 1)<\/p>\n\n\n\n<p><strong>18 October 2024 (Friday)<\/strong>: <em>Reporting Europe. Journalism Education &amp; Multiculturalism<\/em><\/p>\n\n\n\n<p>(Room 101, FSPAC1, Traian Mo\u0219oiu St., no 71, 1st floor)<\/p>\n\n\n\n<p><strong>9:30-10:30:&nbsp;<\/strong>Reporting Europe \u2013 Best Practices from EJTA Members &nbsp;(Moderator: Cristina Nistor)<\/p>\n\n\n\n<ul class=\"wp-block-list\">\n<li>HU University of Applied Sciences, Utrecht (Bram Peeters)<\/li>\n\n\n\n<li>Artesis Plantijn University of Applied Sciences and Arts, Antwerp (Wouter Frateur)<\/li>\n\n\n\n<li>Pompeu Fabra University, Barcelona&nbsp;(Roger Cassany)<\/li>\n\n\n\n<li>Haaga-Helia University of Applied Sciences, Helsinki (Kaijaleena Runsten)<\/li>\n\n\n\n<li>Babe\u0219-Bolyai University, Cluj-Napoca (Cristina Nistor)<\/li>\n<\/ul>\n\n\n\n<p><strong>10:30-11:00:&nbsp;<\/strong>Coffee Break (Room 101 foyer)<\/p>\n\n\n\n<p><strong>11:00-12:00:<\/strong>&nbsp;Teaching Journalism in a Multicultural Context (Moderator: Radu Meza)<\/p>\n\n\n\n<ul class=\"wp-block-list\">\n<li>Journalism in Romanian &#8211; Professor Andreea Mogo\u0219<\/li>\n\n\n\n<li>Journalism in Hungarian &#8211; Professor Zolt\u00e1n Tibori Szab\u00f3<\/li>\n\n\n\n<li>Journalism in German &#8211; Professor Delia Balaban<\/li>\n\n\n\n<li>Journalism in English &#8211; Associate Professor Cristina Nistor<\/li>\n<\/ul>\n\n\n\n<p><strong>12:00-13:00:&nbsp;<\/strong>Reporting Europe \u2013 Best Practices from Romania (Moderator: Mihnea Stoica)<\/p>\n\n\n\n<ul class=\"wp-block-list\">\n<li>Romanian National Audiovisual Council (Valentin-Alexandru Jucan)<\/li>\n\n\n\n<li>Radio Romania International (Eugen Cojocariu)<\/li>\n\n\n\n<li>Euronews Romania (Maria Moi\u0219)<\/li>\n\n\n\n<li>Romanian Television \u2013 Regional Station, Cluj (Mihnea Stoica)<\/li>\n<\/ul>\n\n\n\n<p><strong>13:00-14:00:<\/strong>&nbsp;Lunch (Room 101 foyer)<\/p>\n\n\n\n<p><strong>14:00-15:00:&nbsp;<\/strong>BIP and International Projects (Carousel Presentations &#8211; Moderator: Andreea Mogo\u0219) &amp; Closing Remarks (Nadia Vissers &amp; EJTA Board)<\/p>\n\n\n\n<ul class=\"wp-block-list\">\n<li>Haaga-Helia UAS: &nbsp;<em>Resilience in Journalism and in Journalist<\/em> (Anne Lepp\u00e4j\u00e4rvi &amp; colleagues)<\/li>\n\n\n\n<li>BBU Cluj: <em>City&nbsp;chronicles<\/em> (Oana Ometa &amp; colleagues)<\/li>\n\n\n\n<li>AP UAS &amp; Arts Antwerp: <em>Invisible Cities<\/em> (Wouter Frateur &amp; colleagues)<\/li>\n\n\n\n<li>Utrecht UAS: EUFactCheck (Elvira van Noort, Carien Touwen &amp; colleagues)<\/li>\n\n\n\n<li>AP UAS &amp; Arts Antwerp: <em>Europe on Air<\/em> (Nadia Vissers &amp; colleagues)<\/li>\n<\/ul>\n\n\n\n<p><strong>18:00:<\/strong>&nbsp;Optional Social Activity: Klausenburger Restaurant &amp; Terrace (at the participants\u2019 expense)<\/p>\n<\/div>\n\n\n\n<p>Please contact dr. Radu Meza (radu.meza@ubbcluj.ro), Chair of the Journalism and Digital Media Department for any issues with the registration.<br>EJTA Members who want to participate within the mobility framework of the Erasmus+ program should contact dr. Arina Neagu (arina.neagu@ubbcluj.ro).<\/p>\n\n\n\n<p>If possible, we recommend you book your travel in advance and fly directly into Cluj-Napoca, which has a well connected airport, close to the city center (Unirii Square). The event venues are in walking distance (10-15 minutes on foot) of the city center (see the maps below). The two venues are in walking distance of each-other (150m).<\/p>\n\n\n\n<p><strong>Some Accomodation Suggestions<\/strong><\/p>\n\n\n\n<p>Hotels relatively close the venue of the AGM \/ the city center:<br><strong>Hotel Beyfin<br>Hampton by Hilton Cluj-Napoca<br>Courtyard Cluj-Napoca Downtown<br>Ramada by Wyndham Cluj<\/strong><br>Some small boutique hotels options are also available in the area:<br><strong>Pensiunea Max<\/strong> (Str. Gen. T. Mosoiu 64)<br><strong>Hotel Alexis<\/strong> (Dorobantilor 26)<\/p>\n\n\n\n<div class=\"wp-block-columns alignwide is-layout-flex wp-container-core-columns-is-layout-28f84493 wp-block-columns-is-layout-flex\">\n<div class=\"wp-block-column is-vertically-aligned-center is-layout-flow wp-block-column-is-layout-flow\">\n<p><strong>Venue (October 17&amp;18)<\/strong>: The College of Political, Administrative and Communication Sciences Main Building (FSPAC1) &#8211; 1st floor<\/p>\n\n\n\n<div class=\"wp-block-embed__wrapper\"><iframe class=\"wp-block-embed\" src=\"https:\/\/www.google.com\/maps\/embed?pb=!1m18!1m12!1m3!1d1919.9131816785723!2d23.605600051965034!3d46.77180737413597!2m3!1f0!2f0!3f0!3m2!1i1024!2i768!4f13.1!3m3!1m2!1s0x47490c2321652047%3A0x26c7a15ac3b3be71!2sFacultatea%20de%20%C8%98tiin%C8%9Be%20Politice%2C%20Administrative%20%C8%99i%20ale%20Comunic%C4%83rii!5e0!3m2!1sro!2sro!4v1718176228293!5m2!1sro!2sro\" width=\"100%\" height=\"300\" style=\"border:0;\" allowfullscreen=\"\" loading=\"lazy\" referrerpolicy=\"no-referrer-when-downgrade\"><\/iframe><\/div>\n<\/div>\n\n\n\n<div class=\"wp-block-column is-layout-flow wp-block-column-is-layout-flow\">\n<p><strong>Venue (October 16): <\/strong>The College of Political, Administrative and Communication Sciences Building 2 (FSPAC2) &#8211; ground floor<\/p>\n\n\n\n<div class=\"wp-block-embed__wrapper\"><iframe src=\"https:\/\/www.google.com\/maps\/embed?pb=!1m18!1m12!1m3!1d1609.299413210529!2d23.60831068973423!3d46.7710109006112!2m3!1f0!2f0!3f0!3m2!1i1024!2i768!4f13.1!3m3!1m2!1s0x47490d5fbbbed05f%3A0xe04a59565069aaa4!2sFSPAC%202!5e0!3m2!1sro!2sro!4v1718176453443!5m2!1sro!2sro\" width=\"100%\" height=\"300\" style=\"border:0;\" allowfullscreen=\"\" loading=\"lazy\" referrerpolicy=\"no-referrer-when-downgrade\"><\/iframe><\/div>\n<\/div>\n<\/div>\n\n\n\n<div class=\"wp-block-columns alignwide is-layout-flex wp-container-core-columns-is-layout-28f84493 wp-block-columns-is-layout-flex\">\n<div class=\"wp-block-column is-vertically-aligned-center is-layout-flow wp-block-column-is-layout-flow\">\n<p><strong>Venue for Welcome Cocktail &amp; AGM Dinner<\/strong>: Colegiul Academic (Academic College) &#8211; Emmanuel de Martonne St., no. 1<\/p>\n\n\n\n<div class=\"wp-block-embed__wrapper\"><iframe src=\"https:\/\/www.google.com\/maps\/embed?pb=!1m18!1m12!1m3!1d2732.8451132468394!2d23.589847612769166!3d46.7679493710049!2m3!1f0!2f0!3f0!3m2!1i1024!2i768!4f13.1!3m3!1m2!1s0x47490dc0601d1cad%3A0x4745ef91bdc7d259!2sColegiul%20Academic!5e0!3m2!1sro!2sro!4v1728321121717!5m2!1sro!2sro\" width=\"100%\" height=\"300\" style=\"border:0;\" allowfullscreen=\"\" loading=\"lazy\" referrerpolicy=\"no-referrer-when-downgrade\"><\/iframe><\/div>\n<\/div>\n\n\n\n<div class=\"wp-block-column is-layout-flow wp-block-column-is-layout-flow\">\n<p><strong>Venue for optional social activity on Friday evening: <\/strong>Klausen Burger (take the external elevator up to the last floor of Central building)<\/p>\n\n\n\n<div class=\"wp-block-embed__wrapper\"><iframe src=\"https:\/\/www.google.com\/maps\/embed?pb=!1m18!1m12!1m3!1d2732.5943883004484!2d23.58734003427541!3d46.772890985687546!2m3!1f0!2f0!3f0!3m2!1i1024!2i768!4f13.1!3m3!1m2!1s0x47490e9c34d9b79f%3A0xc0f86796c9e6c54d!2sKlausen%20Burger!5e0!3m2!1sro!2sro!4v1728321210492!5m2!1sro!2sro\" width=\"100%\" height=\"300\" style=\"border:0;\" allowfullscreen=\"\" loading=\"lazy\" referrerpolicy=\"no-referrer-when-downgrade\"><\/iframe><\/div>\n<\/div>\n<\/div>\n\n\n\n<p><\/p>\n\n\n\n<p>See you in Cluj!<\/p>\n\n\n\n<p>Cluj-Napoca, the \u201eheart of Transylvania\u201d<\/p>\n\n\n\n<figure class=\"wp-block-embed is-type-video is-provider-youtube wp-block-embed-youtube wp-embed-aspect-16-9 wp-has-aspect-ratio\"><div class=\"wp-block-embed__wrapper\">\n<iframe loading=\"lazy\" title=\"Nic\u0103ieri nu este ca acas\u0103. \u00cen Uniunea European\u0103.\" width=\"500\" height=\"281\" src=\"https:\/\/www.youtube.com\/embed\/4wES8o5_1JI?feature=oembed\" frameborder=\"0\" allow=\"accelerometer; autoplay; clipboard-write; encrypted-media; gyroscope; picture-in-picture; web-share\" referrerpolicy=\"strict-origin-when-cross-origin\" allowfullscreen><\/iframe>\n<\/div><figcaption class=\"wp-element-caption\">Video presenation produced by the Cluj-Napoca City Hall<\/figcaption><\/figure>\n\n\n\n<p>Cluj-Napoca is home to 6 public universities and around 100.000 students<\/p>\n\n\n\n<figure class=\"wp-block-embed is-type-video is-provider-youtube wp-block-embed-youtube wp-embed-aspect-16-9 wp-has-aspect-ratio\"><div class=\"wp-block-embed__wrapper\">\n<iframe loading=\"lazy\" title=\"Film prezentare universitati Cluj\" width=\"500\" height=\"281\" src=\"https:\/\/www.youtube.com\/embed\/COFM62cDqXk?feature=oembed\" frameborder=\"0\" allow=\"accelerometer; autoplay; clipboard-write; encrypted-media; gyroscope; picture-in-picture; web-share\" referrerpolicy=\"strict-origin-when-cross-origin\" allowfullscreen><\/iframe>\n<\/div><\/figure>\n\n\n\n<p>Babe\u0219-Bolyai University, the top-ranked and largest Romanian University<\/p>\n\n\n\n<figure class=\"wp-block-embed is-type-video is-provider-youtube wp-block-embed-youtube wp-embed-aspect-4-3 wp-has-aspect-ratio\"><div class=\"wp-block-embed__wrapper\">\n<iframe loading=\"lazy\" title=\"Tradi\u021bie \u0219i Excelen\u021b\u0103 - Istoria UBB \u00een imagini\" width=\"500\" height=\"375\" src=\"https:\/\/www.youtube.com\/embed\/toWw7k2wstM?feature=oembed\" frameborder=\"0\" allow=\"accelerometer; autoplay; clipboard-write; encrypted-media; gyroscope; picture-in-picture; web-share\" referrerpolicy=\"strict-origin-when-cross-origin\" allowfullscreen><\/iframe>\n<\/div><figcaption class=\"wp-element-caption\">An illustrated history of Babe\u0219-Bolyai University&#8217;s academic tradition<\/figcaption><\/figure>\n\n\n\n<p>The College of Political, Administrative and Communication Sciences<\/p>\n\n\n\n<figure class=\"wp-block-embed is-type-video is-provider-youtube wp-block-embed-youtube wp-embed-aspect-16-9 wp-has-aspect-ratio\"><div class=\"wp-block-embed__wrapper\">\n<iframe loading=\"lazy\" title=\"Join US @FSPAC, Cluj-Napoca, Romania\" width=\"500\" height=\"281\" src=\"https:\/\/www.youtube.com\/embed\/HiGNdMJ8ajs?feature=oembed\" frameborder=\"0\" allow=\"accelerometer; autoplay; clipboard-write; encrypted-media; gyroscope; picture-in-picture; web-share\" referrerpolicy=\"strict-origin-when-cross-origin\" allowfullscreen><\/iframe>\n<\/div><figcaption class=\"wp-element-caption\">The College of Political, Administrative and Communication Sciences<\/figcaption><\/figure>\n\n\n\n<p><\/p>\n","protected":false},"excerpt":{"rendered":"<p>The Journalism and Digital Media Department at Babe\u0219-Bolyai University will host the 2024 European Journalism Training Association General Meeting (EJTA AGM). Babe\u0219-Bolyai University is Romania&#8217;s largest and top-ranked academic institution, with a multicultural academic tradition dating back to 1581. Join us in Cluj-Napoca, the &#8220;heart of Transylvania&#8221;, on 16-18 October at the College of Political, [&hellip;]<\/p>\n","protected":false},"author":1,"featured_media":0,"parent":0,"menu_order":0,"comment_status":"closed","ping_status":"closed","template":"","meta":{"footnotes":""},"class_list":["post-5","page","type-page","status-publish","hentry"],"_links":{"self":[{"href":"https:\/\/jmd.fspac.ubbcluj.ro\/ejta2024agm\/wp-json\/wp\/v2\/pages\/5","targetHints":{"allow":["GET"]}}],"collection":[{"href":"https:\/\/jmd.fspac.ubbcluj.ro\/ejta2024agm\/wp-json\/wp\/v2\/pages"}],"about":[{"href":"https:\/\/jmd.fspac.ubbcluj.ro\/ejta2024agm\/wp-json\/wp\/v2\/types\/page"}],"author":[{"embeddable":true,"href":"https:\/\/jmd.fspac.ubbcluj.ro\/ejta2024agm\/wp-json\/wp\/v2\/users\/1"}],"replies":[{"embeddable":true,"href":"https:\/\/jmd.fspac.ubbcluj.ro\/ejta2024agm\/wp-json\/wp\/v2\/comments?post=5"}],"version-history":[{"count":32,"href":"https:\/\/jmd.fspac.ubbcluj.ro\/ejta2024agm\/wp-json\/wp\/v2\/pages\/5\/revisions"}],"predecessor-version":[{"id":101,"href":"https:\/\/jmd.fspac.ubbcluj.ro\/ejta2024agm\/wp-json\/wp\/v2\/pages\/5\/revisions\/101"}],"wp:attachment":[{"href":"https:\/\/jmd.fspac.ubbcluj.ro\/ejta2024agm\/wp-json\/wp\/v2\/media?parent=5"}],"curies":[{"name":"wp","href":"https:\/\/api.w.org\/{rel}","templated":true}]}}